common divisor of 8 and w.
1
Suppose -5*b = -k + 2*k - 1761, 4*b = -2*k + 1410. Calculate the greatest common divisor of 22 and b.
22
Suppose 2*x - 396 = -x. Let c(g) = -22*g - 32. Let f be c(-2). What is the highest common factor of f and x?
12
Suppose -11*m = -48*m + 222. Calculate the greatest common factor of 18 and m.
6
Let w = -191 - -251. What is the highest common divisor of 30 and w?
30
Let r(q) = q**3 - 20*q**2 - 40*q - 40. Let t be r(22). What is the highest common factor of t and 48?
48
Suppose -5*a + q = -14 - 21, 4*q + 44 = 4*a. Let t(f) = -f**3 + 8*f**2 - 8*f + 8. Let k be t(a). Calculate the highest common divisor of k and 8.
8
Let o = 58 - 83. Let f be 4/20 - 2595/o. What is the highest common factor of f and 13?
13
Suppose 47 + 81 = 16*j. Calculate the highest common factor of j and 52.
4
Let r(z) be the second derivative of -5*z**3/3 + 5*z**2 + 2*z. Let c be r(-4). Let a be (-106)/(-10) + (-30)/c. What is the greatest common divisor of 30 and a?
10
Suppose -2*c + 182 = -1540. Calculate the greatest common divisor of c and 21.
21
Suppose -g = -2*w - 10, 0 = 3*g + 2*g + 2*w + 10. Suppose -2*n + 5 + 3 = g. What is the highest common factor of n and 28?
4
Let q be (3 - 2) + 3 + -2. Suppose -41 = -q*o + 15. Let y be (-762)/(-8) - (-21)/o. Calculate the highest common factor of y and 64.
32
Suppose -14 - 26 = -f. Suppose 78 = -5*y + w - 37, 0 = -4*w - 20. Let h = y + f. Calculate the greatest common factor of 32 and h.
16
Let u = 7 + 20. Suppose -145*i + 175*i = 5670. What is the greatest common factor of u and i?
27
Suppose 0 = 4*v + 2*z + 81 + 121, -2*z - 49 = v. Let s = 68 + v. Calculate the highest common factor of s and 17.
17
Let s be -2*1*(-1 - -2). Let a be (-31)/s + (-13)/(-26). Let i(q) = -4*q**3 + q**2 + q - 2. Let u be i(-3). Calculate the greatest common divisor of u and a.
16
Suppose 7*v = 5*v. Suppose -3*q + 326 - 38 = v. Let o be (-3 - -2)*q/(-4). What is the highest common divisor of 60 and o?
12
Let m = 183 + -111. Let h(p) = -p + 2. Let q = -14 + 8. Let z be h(q). Calculate the highest common factor of z and m.
8
Let v be (12/9)/((-6)/(-9)). Suppose -j + 363 = -2*g - v*j, g + 189 = -3*j. Let d be g/8*18/(-5). What is the highest common factor of 9 and d?
9
Let z = -358 - -364. What is the highest common divisor of z and 6?
6
Let j(i) = -i + 6. Let s be j(2). Let u be 1/(s/(-7))*-4. Suppose -12 - 65 = -m. What is the highest common divisor of m and u?
7
Let k be -181 + -1 - (-1 - -1 - 0). Let t = 18 - k. What is the highest common factor of 25 and t?
25
Suppose x = -3*x + 520. Suppose -7*p + 612 = -4*p. Suppose 0 = 4*r + a - p, -2*a + 72 = 2*r - 24. Calculate the greatest common divisor of r and x.
26
Suppose 2*c = 5*x - 14, -5*c - 3 = -x + 9. Suppose -136 = -h - x*d, -4*d + 409 = 3*h - 7. Calculate the highest common factor of h and 18.
18
Let g = -3 + 2. Let t = 10 - g. Calculate the highest common divisor of 88 and t.
11
Let n = -270 + 499. Suppose t = -4*s + n, t - 234 = -4*s - t. What is the highest common factor of 42 and s?
14
Let c(f) = -f**3 - 2*f**2 + 8*f + 2. Let u be c(-6). Calculate the highest common factor of 266 and u.
14
Suppose 161 = 4*x - 15. Suppose -1996*o + 660 = -1986*o. What is the greatest common factor of x and o?
22
Suppose 126 = 5*h + 4*h. Suppose 0 = 6*y + h - 86. What is the highest common divisor of 48 and y?
12
Let j = -48 - -103. Suppose -b - 9 = k, -3*k - 31 - 2 = -3*b. Let c be (-1 + 12/k)/((-1)/5). What is the greatest common factor of c and j?
11
Let g(v) = -29*v + 228. Let m be g(4). What is the highest common factor of 35 and m?
7
Suppose 0 = 4*f + x + 20, f + 25 = -4*f - 4*x. Let k be f/(15/(-609))*(-2 - -3). What is the greatest common factor of k and 29?
29
Suppose -5*s - 4*c + 411 = 0, 43*c = 4*s + 44*c - 320. What is the greatest common factor of s and 316?
79
Let s be (-56)/(-24) - 2 - (-134)/3. What is the greatest common factor of 1065 and s?
15
Let a(v) = 3 - 3 + 10*v - 1. Let m be a(1). Let x be 154/8 + 190/(-152). Calculate the greatest common factor of x and m.
9
Suppose 2*i = -d + 311, i - 3*d - 159 = -0*i. Calculate the highest common divisor of i and 72.
12
Let u(h) = -19*h + 13*h + 0 + 3. Let j be u(-2). Calculate the greatest common divisor of 10 and j.
5
Suppose 4*s = g - 13, 2*g = 2*s + 14 - 6. Let k = g + 4. Let q be 1/3 + (-59)/(-3). Calculate the greatest common factor of k and q.
5
Let j = 36 - 32. Suppose -4*q = j*a - 496, -4*a + 3*q + 478 = q. What is the greatest common divisor of a and 11?
11
Suppose 0 = -2*d + 3*d - 141. Suppose -45 + d = 3*k. Calculate the greatest common divisor of k and 56.
8
Let w = 449 - 401. Calculate the greatest common factor of w and 84.
12
Let v(t) = -91 + 96 + 0*t**2 - 10*t + t**2. Let s be v(11). Let b be 12/(-2 - 9/(-4)). What is the highest common factor of s and b?
16
Let g(z) = z + 56. Let j be g(-12). Let x = -287 - -595. Calculate the greatest common factor of x and j.
44
Let y be -2 + 284/(4/2). Suppose -2*x + 92 = 36. What is the greatest common divisor of y and x?
28
Suppose 2*l + 17 - 21 = 0. What is the highest common factor of 74 and l?
2
Suppose -2*a = 2*p - 90, -3*a + 0 = -2*p - 150. Calculate the greatest common factor of 6 and a.
6
Suppose 100*m - 507 = -5*d + 104*m, 4*d + m = 393. What is the greatest common divisor of 561 and d?
33
Let h = 757 + -741. Let l(v) = v**2 - 4*v - 5. Let f be l(-5). What is the greatest common factor of h and f?
8
Let v(q) = -20*q - 108. Let i be v(-9). What is the greatest common factor of i and 56?
8
Suppose -2*n = -3*k - 0*k + 49, 5*k - 4*n = 79. Let i = -51 + k. Let p be (-6)/(-8) - 456/i. What is the greatest common factor of p and 45?
15
Suppose -230 = -0*q - 2*q. Let l = -28 - -51. Suppose l = 2*o - v - 30, -v = 5*o - q. What is the greatest common divisor of 264 and o?
24
Let h(v) = v**3 - 5*v**2 + 5*v - 1. Let m be h(4). Let b be ((-1204)/12)/(m/(-9)). What is the highest common divisor of b and 43?
43
Let l(n) = -n**2 - 2*n + 1. Let u be l(-1). Suppose -w = -u*w + 223. Suppose -4*m = -17 - w. What is the greatest common factor of m and 24?
12
Suppose 17*g - 11*g - 24 = 0. Suppose -3*x + 4*t + 304 = -236, 0 = g*t. What is the highest common divisor of 20 and x?
20
Let t(s) = -2*s**3 - 24*s**2 + 24*s + 27. Let o be t(-13). Calculate the highest common factor of 212 and o.
53
Let a = 48 - 32. Calculate the greatest common factor of 40 and a.
8
Suppose -815*y = -850*y + 70. Suppose -1 = -t, -3*v = -v + 2*t - 8. What is the highest common divisor of y and v?
1
Suppose 3*f + 0*f = 27. Let i be (1 + 4)/(-25) + 1/5. Suppose 2*h = -i*h + 6. Calculate the greatest common divisor of h and f.
3
Suppose 0 = -p - 5*b + 9, -45 = -5*p - 5*b + 2*b. Suppose 4 = 5*m - 1. Calculate the greatest common divisor of p and m.
1
Let i = 438 + -152. Let g(y) = y + 26. Let p be g(0). Calculate the greatest common divisor of i and p.
26
Let c(g) = -g**2 + 8*g + 2. Let i be c(7). Let p = -4143 - -4144. Calculate the greatest common divisor of i and p.
1
Suppose -4*l = -5*v + 2142 - 762, -3*v + 4*l = -820. Calculate the highest common divisor of 10 and v.
10
Let c = -206 + 426. Suppose 6*k = 11*k - c. Suppose p + 2 = 3*w, -2 = 5*w - 12. Calculate the greatest common factor of p and k.
4
Let d be (-1)/(((-2)/(-10))/(242/(-110))). Calculate the highest common factor of d and 22.
11
Let k(n) = n**2 - 16*n + 3. Let f be k(16). Let l(b) = 6*b - 18. Let z be l(4). What is the highest common divisor of z and f?
3
Let n(t) = 1116*t - 1. Let z be n(1). Suppose 2*u + 3*o = -460 + 1215, -o = 3*u - z. Let g = u + -260. Calculate the highest common factor of g and 22.
22
Suppose 4*g + 14 = 2. Let h be g/(-18) + 7/(-6). Let w be h/(-2)*18*1. What is the highest common divisor of w and 18?
9
Let l = -65 + 67. Suppose 3*w - 41 = -o, -2*w - 115 = -5*o + w. Calculate the highest common divisor of o and l.
2
Suppose 4 = -4*w, 0*c = -c - 3*w + 52. Let g = c + -5. What is the highest common factor of 20 and g?
10
Let v(p) = -12*p + 70. Let r be v(2). Calculate the highest common divisor of r and 23.
23
Let h(c) = -3*c - 4. Suppose 17*w + 10 = 12*w. Let v be h(w). Suppose -r + v*r = 48. Calculate the highest common divisor of 12 and r.
12
Let y = 6 - 4. Let t = y + 3. Suppose -13 = -t*o + 22. Calculate the grea